5*x - 422094. Give r(-36).
6
Let v(n) = -114202*n - 3197647. Calculate v(-28).
9
Let z(j) = j**3 + 16*j**2 + 82*j + 1344. Determine z(-16).
32
Let r(w) = 153*w**2 - 2749*w - 108. What is r(18)?
-18
Let b(z) = z**2 + 21662*z - 238364. Give b(11).
39
Let i(o) = -o**2 + 3067*o + 86672. Determine i(-28).
12
Let p(q) = -q**3 + 15*q**2 + 652*q - 11014. Determine p(19).
-70
Let c(j) = j**3 + 84*j**2 - 604*j + 348. Give c(6).
-36
Let r(l) = 253*l**3 - 84*l**2 + 13*l - 9. Determine r(1).
173
Let x(w) = -3090*w + 58824. What is x(19)?
114
Let m(a) = -394*a + 24284. What is m(70)?
-3296
Let d(p) = -p**3 + 115*p + 105. What is d(0)?
105
Let w(l) = 5*l**2 + 19*l - 3620. Give w(-40).
3620
Let k(q) = -3*q**2 + 34015*q - 7730013. What is k(232)?
-5
Let x(o) = 246*o - 13619. Determine x(56).
157
Let c(t) = -16*t + 591. Calculate c(15).
351
Let j(w) = 3*w + 1284. Calculate j(-3).
1275
Let d(f) = 98*f**2 + 1012*f - 1116. Give d(1).
-6
Let t(c) = 22*c**2 + 5*c + 1. Give t(3).
214
Let c(r) = 8*r**3 + 158*r**2 - 12*r + 52. Calculate c(-20).
-508
Let v(b) = b**3 - 102*b**2 - 6625*b + 1143. Determine v(147).
-327
Let v(a) = a**3 - 44*a**2 - 478*a - 1104. What is v(-5)?
61
Let h(q) = q**3 - 8*q**2 - 94*q + 30. Give h(-7).
-47
Let x(f) = 4*f**2 - 9398*f + 187807. Give x(20).
1447
Let f(k) = 79376*k - 238134. Give f(3).
-6
Let n(y) = -96012*y - 3168359. Give n(-33).
37
Let t(l) = l**2 + 1874*l - 127479. What is t(67)?
2568
Let h(r) = -403*r - 101838. What is h(-253)?
121
Let r(h) = 385*h + 2728. Calculate r(-6).
418
Let z(f) = -f**3 + 70*f**2 - 244*f + 206. Give z(66).
1526
Let n(z) = -4*z**3 + 144*z**2 + 42*z - 692. Determine n(36).
820
Let d(c) = c**2 + 993*c + 12800. What is d(-13)?
60
Let g(v) = -2*v**3 + 196*v**2 + 828*v - 1207. Give g(102).
17
Let c(g) = -46*g**2 + 506*g - 1100. Calculate c(5).
280
Let g(r) = 997*r**2 - 2830*r - 461. Determine g(3).
22
Let u(h) = h**3 - 1222*h**2 + 3659*h - 2440. Determine u(1219).
-2
Let r(d) = -25*d**2 - 2696*d - 10380. What is r(-4)?
4
Let i(p) = -2072*p - 39337. What is i(-19)?
31
Let s(l) = l**2 + 629*l - 13317. Determine s(21).
333
Let f(r) = -15962*r + 143065. Calculate f(9).
-593
Let d(i) = -2*i**3 + 81*i**2 - 202*i + 6371. Determine d(40).
-109
Let j(o) = -160*o + 4298. Calculate j(32).
-822
Let k(z) = 2*z**3 - 102*z**2 - 260*z + 8086. Calculate k(52).
-26
Let p(l) = l**3 - 4*l**2 + 188*l - 1585. Calculate p(8).
175
Let a(m) = m**3 - 71*m**2 + 42*m + 1961. Determine a(70).
1
Let h(o) = -o**3 + 2*o**2 + 90*o + 1477. Determine h(15).
-98
Let u(d) = d**3 - 12*d**2 + 5257*d - 57525. Determine u(11).
181
Let h(l) = -l**3 - 9*l**2 - 1151*l - 11562. What is h(-10)?
48
Let d(l) = -l**3 + 1063*l**2 - 13704*l + 56694. Determine d(1050).
-6
Let z(t) = -3297*t - 16628. Give z(-5).
-143
Let d(j) = -66357*j + 88. Calculate d(0).
88
Let f(r) = -3*r**3 + 6049*r**2 + 200802*r - 1. What is f(2049)?
-1
Let z(u) = -3*u**2 - 559*u + 11047. Calculate z(18).
13
Let p(c) = 6175*c + 37750. Determine p(-6).
700
Let o(g) = -5*g**3 + 921*g**2 - 2002*g + 1. Give o(182).
1
Let z(u) = -399*u + 22670. What is z(49)?
3119
Let a(s) = 206*s + 7732. Determine a(-35).
522
Let n(c) = c**3 + 168*c**2 + 300*c - 5288. What is n(-166)?
24
Let f(x) = 31207*x - 156056. Determine f(5).
-21
Let c(d) = -600*d - 3883. Give c(-6).
-283
Let k(p) = -p**3 + p**2 + 20*p + 386. What is k(11)?
-604
Let n(s) = 446*s - 9340. What is n(21)?
26
Let s(y) = 2*y**3 + 19*y**2 + 1517*y + 10374. Calculate s(-7).
0
Let u(c) = -203*c - 180. Calculate u(0).
-180
Let t(v) = -v**3 - 96*v**2 + 13*v + 1215. Give t(-96).
-33
Let q(s) = -257*s**2 + 14653*s - 213. What is q(57)?
15
Let v(q) = q**3 - 50*q**2 + 95*q + 150. Give v(48).
102
Let k(o) = -6949*o - 20831. Give k(-3).
16
Let z(m) = 4751*m + 156370. What is z(-33)?
-413
Let a(r) = r**2 - 467*r + 44253. Calculate a(335).
33
Let u(q) = 134*q**2 - 297*q - 12. Calculate u(5).
1853
Let z(u) = 3*u**3 - 559*u**2 - 7567*u + 108. Determine z(199).
-887
Let s(d) = d**2 + 91*d + 1471. Give s(-50).
-579
Let h(p) = p**2 + 386*p + 7992. Calculate h(-22).
-16
Let v(n) = -n**2 - 2454*n - 89352. Calculate v(-37).
77
Let v(h) = -220*h - 3648. Give v(-17).
92
Let c(t) = -1385*t + 20754. Determine c(15).
-21
Let y(p) = p**2 - 1128*p + 51002. Determine y(47).
195
Let m(d) = 4*d**2 - 3529*d - 7078. What is m(-2)?
-4
Let z(y) = y**2 + 89*y - 7145. Give z(-140).
-5
Let w(d) = -676*d + 88616. What is w(131)?
60
Let y(w) = 1175*w + 492321. What is y(-419)?
-4
Let x(k) = k**2 - 3833*k + 118131. Calculate x(31).
269
Let t(c) = -449*c - 15994. Calculate t(-33).
-1177
Let g(k) = -3600*k - 21552. What is g(-6)?
48
Let x(s) = -688*s + 115621. Determine x(168).
37
Let z(i) = 21*i**2 - 236*i - 1281. Determine z(-4).
-1
Let y(j) = -3*j**3 + 421*j**2 - 28*j - 15688. Give y(140).
-8
Let p(n) = 2854*n + 927470. Calculate p(-325).
-80
Let x(u) = u**3 + 127*u**2 + 1766*u - 929. Determine x(-111).
181
Let t(d) = 12*d**2 + 1314*d - 657. What is t(-110)?
3
Let o(i) = 3139*i + 50674. What is o(-15)?
3589
Let b(a) = -2*a**2 + 147*a + 2445. Determine b(85).
490
Let p(d) = 280280*d + 1681578. Determine p(-6).
-102
Let c(r) = -28733*r - 3562898. What is c(-124)?
-6
Let t(b) = b**3 + b**2 + 644*b - 3261. Calculate t(5).
109
Let l(o) = 5*o**3 - 1044*o**2 - 192*o - 3436. What is l(209)?
117
Let n(u) = 754*u - 123021. Give n(163).
-119
Let d(g) = 2183*g + 87373. What is d(-40)?
53
Let a(y) = -12*y**2 + 20*y - 21. Calculate a(0).
-21
Let n(a) = 90*a + 2302. Determine n(-27).
-128
Let i(y) = -274*y**2 + 72*y - 149. Determine i(2).
-1101
Let f(u) = 7*u**2 + 49*u - 355. Calculate f(19).
3103
Let f(t) = -t**3 - 14*t**2 + 1791*t + 320. Calculate f(36).
-4
Let k(x) = 51*x**2 - 2661*x - 2098. Give k(53).
128
Let a(w) = -65*w**2 - 17549*w + 248. Determine a(-270).
-22
Let r(m) = 4590*m - 1767123. Determine r(385).
27
Let d(j) = 4*j**3 + 198*j**2 - 523*j - 166. Give d(-52).
-10
Let h(y) = -y**3 + 4*y**2 + 120*y + 7. Calculate h(9).
682
Let c(q) = -3389*q - 71137. Determine c(-21).
32
Let s(o) = -3*o**3 + 64*o**2 + 9*o + 10. Determine s(0).
10
Let u(i) = 18*i**2 + 12757*i - 51326. Give u(4).
-10
Let i(l) = 2*l**2 - 578*l + 2314. Determine i(4).
34
Let k(z) = z**2 - 607*z + 18930. Calculate k(32).
530
Let c(m) = 192*m**2 - 1637*m + 859. Calculate c(8).
51
Let u(x) = -1537542*x - 4612648. What is u(-3)?
-22
Let u(x) = 6*x**3 - 1250*x**2 + 9998*x + 350. Calculate u(200).
-50
Let f(d) = -d**3 - 26*d**2 + 743*d + 10942. Calculate f(-12).
10
Let k(w) = w**3 - 330*w**2 + 5113*w - 1408. Calculate k(16).
16
Let q(w) = -6*w**3 + 13*w**2 + 2*w - 1. What is q(3)?
-40
Let v(q) = -530*q - 27906. Calculate v(-60).
3894
Let v(a) = -1276*a + 19127. Determine v(13).
2539
Let s(r) = 3*r**3 + 4*r**2 + 88*r + 282. Give s(-4).
-198
Let f(k) = -976*k + 63145. Calculate f(65).
-295
Let p(o) = 1421*o**2 - 106573*o - 79. Calculate p(75).
71
Let y(d) = 6*d**3 + 300*d**2 - 10100*d - 1883. What is y(-73)?
15
Let j(u) = -35686*u + 33830342. Determine j(948).
14
Let n(g) = 393*g**2 - 6*g + 7. Determine n(-1).
406
Let i(y) = y**3 - 99*y**2 + 299*y - 39926. What is i(100)?
-26
Let u(f) = -1003*f + 106308. Determine u(106).
-10
Let j(z) = 3*z**3 - 116*z**2 + 65*z - 602. Calculate j(38).
-1020
Let s(c) = -428*c + 35524. What is s(82)?
428
Let w(b) = -2*b**2 + 47*b + 78. Determine w(-2).
-24
Let w(n) = 12*n**3 + 11495*n**2 - 1097*n - 133135. Give w(-958).
27
Let c(w) = -566*w**2 + 508*w + 72. Calculate c(2).
-1176
Let k(n) = 123*n - 23524. Determine k(190).
-154
Let q(o) = 5*o**2 + 66*o + 191. What is q(-28)?
2263
Let t(r) = 2*r**3 - 307*r**2 + 146*r + 3318. Determine t(153).
2247
Let d(m) = 66856*m - 936201. What is d(14)?
-217
Let g(t) = 1202*t + 49638. Calculate g(-41).
356
Let s(z) = 998*z + 17997. Give s(-18).
33
Let s(d) = 26737*d - 26774. What is s(1)?
-37
Let f(a) = a**3 + 116*a**2 + 17745*a + 1996939. Calculate f(-114).
1
Let m(p) = -11555*p + 138477. Calculate m(12).
-183
Let a(m) = -12913*m - 1020128. Determine a(-79).
-1
Let m(t) = 1031*t**2 - 27695*t - 3828. What is m(27)?
6
Let z(m) = -52061*m - 1093232. Give z(-21).
49
Let w(h) = 41976*h - 545632. Give w(13).
56
Let b(o) = -13*o**2 + 32*o - 44. Calculate b(-3).
-257
Let v(g) = -3*g**3 - 24*g**2 + 8*g + 70. Give v(-6).
-194
Let j(a) = 67*a**3 - 2*a**2 + 3682*a + 3684